7*k**2 + k**3 - 6*k**2 + 7*k - 5 - 1. Let p be g(-4). Let a = 166 + p. What is the greatest common factor of 56 and a?
28
Let p = 157 + 50. Suppose 129 = 3*k - p. What is the greatest common factor of k and 7?
7
Suppose -127*k + 3662 - 905 = -7403. Calculate the highest common factor of 1560 and k.
40
Let a(v) = v**2 + 28*v - 379. Let f be a(-76). What is the highest common factor of f and 7?
7
Let m(f) = f**3 + 5*f**2 + 2*f + 10. Let y be m(-5). Suppose -6*w + 342 - 126 = y. Let v = -18 + w. What is the greatest common factor of v and 144?
18
Suppose 8294 = 33*h + 168*h - 11404. What is the highest common factor of 15974 and h?
98
Let v be 1*3007 + 196/(-28). Suppose -v = 39*f - 42*f. What is the greatest common divisor of f and 40?
40
Suppose -s + 2492 = -5*n, 25*s - 23*s - 4*n = 5020. Calculate the greatest common divisor of 143 and s.
13
Suppose -2*a = -5*y - 71, 2*a - 221 + 180 = -5*y. Calculate the highest common factor of 1526 and a.
14
Let g(x) = 36*x + 5. Let s be g(6). Let d be (-10 + (-374)/(-55))*(-45)/18 + 9. What is the greatest common divisor of d and s?
17
Suppose 64*w - 10190 - 10754 = -24*w. Let z = 134 + -66. Calculate the greatest common factor of w and z.
34
Let z = -81 + 73. Let x be (425/(-40))/5*z. Calculate the greatest common divisor of x and 17.
17
Let o be (-1)/(-4) + (-14)/(-392) - (-32754)/21. What is the greatest common divisor of 3240 and o?
120
Suppose -4*y + 161 = 751*n - 754*n, -11*y + 2*n + 449 = 0. What is the greatest common divisor of y and 9799?
41
Let n = 706 - 1100. Let p = n + 398. Calculate the highest common divisor of 148 and p.
4
Suppose 7*s = -34*s + 14145. Calculate the highest common factor of 46 and s.
23
Let t = 4572 - 4344. Calculate the greatest common factor of t and 836.
76
Let q = 41 + -38. Suppose -q*n - 8 = n. Let k be 3/n*(-2080)/24. What is the greatest common factor of k and 26?
26
Suppose 6*u - 816 + 588 = 0. Suppose 2*p - 82 = 3*o + u, 0 = 3*p - 3*o - 183. What is the greatest common divisor of 14 and p?
7
Let m(x) = 91*x + 4360. Let j be m(-41). What is the greatest common factor of 51 and j?
17
Let u(s) = -886*s - 739. Let m be u(-1). Let t be (2/4)/((-5)/(-1990)). Let z = 297 - t. What is the highest common divisor of m and z?
49
Suppose -29*v = -32*v - d + 164, -260 = -5*v - 5*d. Let i = 73 - -11. What is the greatest common factor of i and v?
28
Suppose 3*d - 32 = d - 0*d. Suppose -4*n + 65 = -255. Calculate the greatest common divisor of d and n.
16
Let b be 3/(-1)*(37 - 19). Let c be (-19)/((3 + -6)/9). Let o = b + c. Calculate the highest common divisor of o and 4.
1
Let d = -6 + 121. Suppose 0 = 19*s + 13 - 108. What is the greatest common divisor of d and s?
5
Suppose 58*c - 43*c = 1755. What is the greatest common divisor of 9 and c?
9
Suppose -10*o = -15*o + 5*x + 320, -135 = -2*o - 5*x. What is the greatest common factor of 767 and o?
13
Let c = -6349 + 9326. Calculate the highest common factor of c and 6183.
229
Suppose 32*w - 1302 = w. Suppose z + 3*b - 35 - w = 0, 349 = 5*z + 3*b. What is the highest common factor of 238 and z?
34
Let w = -21 - -51. Suppose -6 = 2*n - w. Suppose -201*m = -202*m + n. Calculate the greatest common divisor of m and 48.
12
Let t = -204 - -208. Suppose -1282 = -4*c + 2*d, -22*c = -23*c + t*d + 310. What is the greatest common divisor of c and 46?
46
Suppose -4*b + 2*b = -224. Suppose -4*z = -m + 6 - 37, -5*z + 41 = -2*m. Suppose -z*a = a - 112. Calculate the greatest common divisor of b and a.
14
Let k(z) = -4*z + 10. Let v be k(-8). Suppose -465*c + 625*c - 460 = 500. What is the greatest common divisor of v and c?
6
Let f(q) = -2*q**3 + 5*q**2 - 55. Let g be f(8). Let d = g - -902. Calculate the highest common factor of d and 22.
11
Let a be ((-18)/(-3))/((-6)/(-3)). Suppose -w + 4*t + 688 = 3*w, 522 = a*w - t. Calculate the highest common factor of 35 and w.
35
Suppose -49764 + 12944 = -2*t + 28056. What is the highest common divisor of t and 98?
98
Let z(j) = 2*j + 6. Let m be z(0). Suppose -64 = m*x - 4*x. Let i be x/24*(-9)/2. What is the greatest common factor of i and 4?
2
Suppose 0 = 10*d + 177 - 527. Let p be (-2)/(-5) - 154/d. Let n = p - -55. Calculate the highest common divisor of n and 68.
17
Suppose 0 = u - 2, 0 = 26*r - 24*r - u - 394. Calculate the highest common divisor of r and 957.
33
Let d = 9390 - 9344. Calculate the highest common factor of 12 and d.
2
Let f be (-2 - (-2 - 1))/(1/1). Suppose -2*g - 2 = 2*b, 4*b + f - 3 = -g. Let i be (36/(-16))/(b/(-4)). What is the highest common divisor of 99 and i?
9
Let v = 0 + 126. Suppose -6*r + 3*r + 42 = 0. Calculate the greatest common divisor of v and r.
14
Let q = -15620 + 21272. Calculate the highest common divisor of q and 3.
3
Let v = 66 + -65. Let k = 43 + v. Suppose 35 = y - j, -4*j = -3*y + k + 66. What is the highest common factor of y and 6?
6
Suppose 39 - 181 - 518 = -30*i. What is the highest common divisor of i and 913?
11
Suppose -33 = -j - x, -3*x = -2*x. Suppose j*r = 26*r + 2464. Suppose u - 64 = -u. What is the greatest common divisor of u and r?
32
Let y be 2760/(64/40 - 1). Calculate the highest common factor of 345 and y.
115
Let q(p) be the second derivative of -p**4/4 - 25*p**3/3 - 11*p**2/2 + 8*p + 3. Let r be q(-15). Calculate the highest common divisor of r and 448.
64
Suppose 306 = 3*h + 3*z, 19 = 4*z + 3. Let i = h - 96. What is the greatest common factor of i and 54?
2
Suppose 19*t - 48724 - 34591 = 0. Calculate the highest common divisor of 15 and t.
5
Let i(l) = -l**3 + 11*l**2 + 5*l - 22. Let p be i(13). Let f = p - -530. What is the highest common divisor of f and 5?
5
Let t = -2102 - -2111. Calculate the greatest common divisor of t and 3195.
9
Let l = 6 - 1. Suppose -5*v = l*o - 265, -4*v = -0*o - 4*o + 172. Suppose -34*m = m - 210. What is the greatest common divisor of o and m?
6
Suppose 29*z - 162474 - 12032 - 77098 = 0. Calculate the highest common factor of 84 and z.
12
Suppose -13*f = 31 - 70. Suppose -5*y - 5*k + 141 + 44 = 0, 4*y - f*k - 134 = 0. Calculate the highest common factor of 595 and y.
35
Suppose -8127*l = -8103*l - 528. What is the highest common divisor of l and 400?
2
Let x be (-18)/63*(3 - -207)/(-6). What is the highest common divisor of x and 95?
5
Let l(o) = 2*o**2 + 7*o + 7. Let f be l(-3). Suppose f*b - 7 = 13. Let u be 0 + (-3)/b + (-2490)/(-25). Calculate the greatest common divisor of 11 and u.
11
Suppose 23*q + 49*q = 15048. What is the highest common divisor of 143 and q?
11
Let n(d) = 1373*d - 3320. Let v be n(3). Calculate the highest common divisor of 153 and v.
17
Let a be (1*40*(-202)/(-1515))/(2/9). Calculate the highest common divisor of 804 and a.
12
Let g(v) = v + 24. Let p be g(-19). Let j = 46 + -36. Suppose 0 = -p*d + 85 + j. Calculate the highest common divisor of 133 and d.
19
Let m = 23 + 9. Suppose -3*v - 7 = -13. Suppose -x = 0, -3*r - v*x + 48 = -6*x. Calculate the greatest common factor of m and r.
16
Let f be 45 + 22 + 90/(-10). Calculate the highest common divisor of 2291 and f.
29
Suppose 9*x + 2*w = 6*x + 125, 6*w = 24. What is the highest common divisor of 1378 and x?
13
Let v(h) = h**2 - 18*h - 46. Let y be v(30). Let j = -298 + y. What is the highest common factor of 8 and j?
8
Let g be (-1)/(-3)*(-99)/(-3). Suppose 0 = 4*z + y - 820 + 333, 4*y - 617 = -5*z. Calculate the greatest common divisor of g and z.
11
Suppose -3*j - 704 = -5*z, 0 = -2*z - 38*j + 35*j + 332. Let l be (-21)/(-6) + 1/2. What is the greatest common divisor of z and l?
4
Suppose -203*l + 47301 + 106384 = 22750. What is the highest common factor of 6235 and l?
215
Let l = 1810 + -1516. Calculate the highest common divisor of 714 and l.
42
Let i(w) = 15*w + 174. Let c be 21/56 + 273/(-24). Let z be i(c). What is the greatest common factor of 243 and z?
9
Let a = 3023 - 2688. What is the greatest common divisor of a and 40?
5
Let x = -12 - -17. Suppose 485*u - 9540 = 273*u. Calculate the greatest common divisor of x and u.
5
Let v = -18 + 20. Suppose v*w + 17 - 55 = 0. What is the greatest common factor of 38 and w?
19
Let y = 3 - 2. Suppose 5*p - 3*p - 3*q = 19, -2*q = -3*p + 16. Let i(j) = 2*j. Let g be i(p). Calculate the highest common divisor of g and y.
1
Suppose 2137 = 5*r + h + 316, -2*h = 2*r - 738.